{"id":169,"date":"2025-08-21T19:51:11","date_gmt":"2025-08-21T19:51:11","guid":{"rendered":"https:\/\/credin.app.br\/?page_id=169"},"modified":"2025-11-12T21:12:34","modified_gmt":"2025-11-12T21:12:34","slug":"politica-de-privacidade","status":"publish","type":"page","link":"https:\/\/credin.app.br\/index.php\/politica-de-privacidade\/","title":{"rendered":"Pol\u00edtica de Privacidade"},"content":{"rendered":"\t\t<div data-elementor-type=\"wp-page\" data-elementor-id=\"169\" class=\"elementor elementor-169\" data-elementor-post-type=\"page\">\n\t\t\t\t<div class=\"elementor-element elementor-element-346b84a9 e-flex e-con-boxed e-con e-parent\" data-id=\"346b84a9\" data-element_type=\"container\" data-settings=\"{&quot;background_background&quot;:&quot;gradient&quot;,&quot;shape_divider_bottom&quot;:&quot;curve&quot;,&quot;shape_divider_bottom_negative&quot;:&quot;yes&quot;}\">\n\t\t\t\t\t<div class=\"e-con-inner\">\n\t\t\t\t<div class=\"elementor-shape elementor-shape-bottom\" aria-hidden=\"true\" data-negative=\"true\">\n\t\t\t<svg xmlns=\"http:\/\/www.w3.org\/2000\/svg\" viewBox=\"0 0 1000 100\" preserveAspectRatio=\"none\">\n\t<path class=\"elementor-shape-fill\" d=\"M500,97C126.7,96.3,0.8,19.8,0,0v100l1000,0V1C1000,19.4,873.3,97.8,500,97z\"\/>\n<\/svg>\t\t<\/div>\n\t\t<div class=\"elementor-element elementor-element-6d07aaca e-con-full e-flex e-con e-child\" data-id=\"6d07aaca\" data-element_type=\"container\">\n\t\t\t\t<\/div>\n\t\t\t\t\t<\/div>\n\t\t\t\t<\/div>\n\t\t<div class=\"elementor-element elementor-element-2facf743 e-flex e-con-boxed e-con e-parent\" data-id=\"2facf743\" data-element_type=\"container\">\n\t\t\t\t\t<div class=\"e-con-inner\">\n\t\t\t\t<div class=\"elementor-element elementor-element-5f0160e elementor-widget elementor-widget-text-editor\" data-id=\"5f0160e\" data-element_type=\"widget\" data-widget_type=\"text-editor.default\">\n\t\t\t\t\t\t\t\t\t<p class=\"p1\"><b>Pol\u00edtica de Privacidade \u2013 Credin App<\/b><\/p><p class=\"p1\"><b>\u00daltima atualiza\u00e7\u00e3o: 28\/03\/2025<\/b><b><\/b><\/p><p class=\"p1\">A <b>Credin App<\/b> se preocupa com a sua privacidade. Esta pol\u00edtica explica como coletamos, usamos e protegemos suas informa\u00e7\u00f5es.<\/p><p class=\"p1\"><b>1. Coleta de Informa\u00e7\u00f5es<\/b><\/p><p class=\"p1\">Coletamos os seguintes dados quando voc\u00ea usa nossos servi\u00e7os:<\/p><p class=\"p1\"><b>Dados cadastrais:<\/b> Nome, e-mail, CPF, telefone.<\/p><p class=\"p1\"><b>Dados financeiros:<\/b> Informa\u00e7\u00f5es necess\u00e1rias para an\u00e1lise e transa\u00e7\u00f5es.<\/p><p class=\"p1\"><b>Dados de uso:<\/b> Informa\u00e7\u00f5es sobre sua navega\u00e7\u00e3o e intera\u00e7\u00f5es com a plataforma.<\/p><p class=\"p1\"><b>2. Uso das Informa\u00e7\u00f5es<\/b><\/p><p class=\"p1\">Utilizamos seus dados para:<\/p><p class=\"p1\">Processar transa\u00e7\u00f5es e oferecer nossos servi\u00e7os.<\/p><p class=\"p1\">Melhorar sua experi\u00eancia na plataforma.<\/p><p class=\"p1\">Cumprir obriga\u00e7\u00f5es legais e regulat\u00f3rias.<\/p><p class=\"p1\"><b>3. Compartilhamento de Dados<\/b><\/p><p class=\"p1\">Seus dados podem ser compartilhados com:<\/p><p class=\"p1\">Parceiros financeiros para an\u00e1lise de cr\u00e9dito.<\/p><p class=\"p1\">Autoridades reguladoras, quando exigido por lei.<\/p><p class=\"p1\">Prestadores de servi\u00e7os essenciais para o funcionamento da plataforma.<\/p><p class=\"p1\"><b>4. Seguran\u00e7a e Armazenamento<\/b><\/p><p class=\"p1\">Adotamos medidas para proteger seus dados contra acessos n\u00e3o autorizados.<\/p><p class=\"p1\">Suas informa\u00e7\u00f5es s\u00e3o armazenadas de forma segura e pelo tempo necess\u00e1rio para cumprir nossas obriga\u00e7\u00f5es.<\/p><p class=\"p1\"><b>5. Seus Direitos<\/b><\/p><p class=\"p1\">Voc\u00ea pode:<\/p><p class=\"p1\">Solicitar acesso, corre\u00e7\u00e3o ou exclus\u00e3o de seus dados.<\/p><p class=\"p1\">Revogar consentimentos concedidos anteriormente.<\/p><p class=\"p1\"><b>6. Altera\u00e7\u00f5es na Pol\u00edtica<\/b><\/p><p class=\"p1\">Podemos atualizar esta pol\u00edtica periodicamente e notificaremos os usu\u00e1rios em caso de mudan\u00e7as significativas.<\/p><p class=\"p1\"><b>7. Contato<\/b><\/p><p class=\"p1\">Para d\u00favidas ou solicita\u00e7\u00f5es sobre privacidade, entre em contato com nosso suporte.<\/p>\t\t\t\t\t\t\t\t<\/div>\n\t\t\t\t\t<\/div>\n\t\t\t\t<\/div>\n\t\t\t\t<\/div>\n\t\t","protected":false},"excerpt":{"rendered":"<p>Pol\u00edtica de Privacidade \u2013 Credin App \u00daltima atualiza\u00e7\u00e3o: 28\/03\/2025 A Credin App se preocupa com a sua privacidade. Esta pol\u00edtica explica como coletamos, usamos e protegemos suas informa\u00e7\u00f5es. 1. Coleta de Informa\u00e7\u00f5es Coletamos os seguintes dados quando voc\u00ea usa nossos servi\u00e7os: Dados cadastrais: Nome, e-mail, CPF, telefone. Dados financeiros: Informa\u00e7\u00f5es necess\u00e1rias para an\u00e1lise e transa\u00e7\u00f5es. [&hellip;]<\/p>\n","protected":false},"author":1,"featured_media":0,"parent":0,"menu_order":0,"comment_status":"closed","ping_status":"open","template":"elementor_header_footer","meta":{"footnotes":""},"class_list":["post-169","page","type-page","status-publish","hentry"],"_links":{"self":[{"href":"https:\/\/credin.app.br\/index.php\/wp-json\/wp\/v2\/pages\/169","targetHints":{"allow":["GET"]}}],"collection":[{"href":"https:\/\/credin.app.br\/index.php\/wp-json\/wp\/v2\/pages"}],"about":[{"href":"https:\/\/credin.app.br\/index.php\/wp-json\/wp\/v2\/types\/page"}],"author":[{"embeddable":true,"href":"https:\/\/credin.app.br\/index.php\/wp-json\/wp\/v2\/users\/1"}],"replies":[{"embeddable":true,"href":"https:\/\/credin.app.br\/index.php\/wp-json\/wp\/v2\/comments?post=169"}],"version-history":[{"count":10,"href":"https:\/\/credin.app.br\/index.php\/wp-json\/wp\/v2\/pages\/169\/revisions"}],"predecessor-version":[{"id":249,"href":"https:\/\/credin.app.br\/index.php\/wp-json\/wp\/v2\/pages\/169\/revisions\/249"}],"wp:attachment":[{"href":"https:\/\/credin.app.br\/index.php\/wp-json\/wp\/v2\/media?parent=169"}],"curies":[{"name":"wp","href":"https:\/\/api.w.org\/{rel}","templated":true}]}}